st the prime factors of 2/(-4) - (87/(-6) + -1).
3, 5
Suppose 3*j = -18 - 30. Suppose -8 = 2*b + 10. Let n = b - j. List the prime factors of n.
7
Suppose 152 = 6*b - 862. What are the prime factors of b?
13
Suppose 796 = 5*o + 146. Suppose -p - o = -6*p. What are the prime factors of p?
2, 13
Let o = 100 - 64. What are the prime factors of o?
2, 3
Let j = -5 - -25. Let k be 72/j*20/3. What are the prime factors of k/20*5/1?
2, 3
Suppose 2*y = -0*y + 30. What are the prime factors of y?
3, 5
Let m(w) = w + 1. Let l be m(0). What are the prime factors of l*(27 + (-1 - -3))?
29
Let b = -13 - -463. What are the prime factors of b?
2, 3, 5
Suppose 4*p = 6*p - 396. What are the prime factors of p?
2, 3, 11
Let h(j) = 5*j**3 - 2*j**2 + 1. Let x be h(1). Suppose p = x*p - 42. List the prime factors of p.
2, 7
Suppose -3601 = -7*z - 6*z. List the prime factors of z.
277
Let a(s) be the second derivative of -s**3/2 + 3*s. List the prime factors of a(-3).
3
Suppose 1 = 4*z - 11. Suppose 3*s - 4 = 4*s - z*w, 0 = -3*s + 4*w + 8. What are the prime factors of s?
2
Let y(a) = a**3 - 5*a**2 - 2*a - 10. List the prime factors of y(7).
2, 37
Suppose -2*o + 3*o = 0. Suppose 2*r + 2*r = o. Suppose -2*i + 1 + 11 = r. List the prime factors of i.
2, 3
Let m = 5 - -26. Let t be (-4 + 3)*0/(-1) + 21. Let k = m - t. List the prime factors of k.
2, 5
Suppose 5*q = 8 + 7, 0 = -3*o + 5*q - 30. Let c = o - -14. What are the prime factors of c?
3
Let r(m) = m**3 - m + 11. Let a = -3 + 3. What are the prime factors of r(a)?
11
Let p = 4 + -4. Let g = 4 + p. Suppose k - g*l + 7 = -0*k, 4*k - 23 = -l. What are the prime factors of k?
5
Let g be (-1)/1 - -2*13. Suppose l - g = -4*l. Suppose -a = -l - 4. What are the prime factors of a?
3
Let o(l) = -l**2 - 13*l - 8. List the prime factors of o(-9).
2, 7
Let t = 96 + -65. List the prime factors of t.
31
Let m = -5 + 95. Suppose 2*c - m = -c. Let i = c - 18. List the prime factors of i.
2, 3
Let q = 90 + -53. List the prime factors of q.
37
Let n(o) = 52*o - 208. Let a(f) = -8*f + 32. Let j(u) = 32*a(u) + 5*n(u). What are the prime factors of j(10)?
2, 3
Suppose -m + 5*m = -3*r + 26, 0 = -2*r - m + 9. Suppose -2*q = -5*q, -r*x = 4*q - 34. Let h = x - 12. What are the prime factors of h?
5
Suppose 4*h - 12 = h. Suppose -15 = -h*k + 5. Suppose 9 = -3*c, -k*t + 5*c = -109 + 29. List the prime factors of t.
13
Suppose -2*f = f - 120. List the prime factors of f.
2, 5
What are the prime factors of (1 + -163)*((-2)/3 + 0)?
2, 3
Let k(m) = m**2 + 5*m - 2. Let a be k(-5). Let d be 30/a*8/20. Let j = 14 + d. List the prime factors of j.
2
Let z be (6/5)/((-4)/(-10)). Let h be z/(-5) - (-12)/(-5). List the prime factors of -2 + 6/3 - h.
3
What are the prime factors of ((-9)/(-3))/((-3)/(-107))?
107
Suppose -6*n = -n - 85. Suppose -2*u - n = -41. What are the prime factors of u?
2, 3
Let j be 186/8 + 9/12. Suppose -j = -3*d - v, 0 = 4*d + 2*v - v - 33. List the prime factors of d.
3
Let n = -21 + 53. What are the prime factors of n?
2
Let t = 54 + 103. List the prime factors of t.
157
Let r(y) = -2*y + 7. Let f(j) = -j**2 + 6*j. Let u be f(5). Let g be r(u). Let c = 7 + g. List the prime factors of c.
2
Suppose -5*w + 16 = l, w + 2*l + 5 = 1. Suppose -3*c - w = -1, -47 = -3*x - c. List the prime factors of x.
2
What are the prime factors of 3825/65 + 2/13?
59
Suppose 3*a - 5*a = 6. Let k be (-1)/a - 2/(-3). Suppose 3*q - k = 26. What are the prime factors of q?
3
Let q = 91 - 45. List the prime factors of q.
2, 23
Let h(k) = -k**3 - 4*k**2 - 3*k + 1. Let z = -20 - -16. List the prime factors of h(z).
13
Let n(k) = 2*k - 4 + 13 + 2*k**2 - 8. Let s be n(-7). Suppose 5*r + 18 = q + s, 3*r = -q + 37. What are the prime factors of r?
13
Let d = 9 - 7. Let s be ((-15)/(-6) - d)*6. Suppose 85 = 2*x + s*x. List the prime factors of x.
17
Let i(c) = -c**3 + c**2 + 2*c + 3. Let m be i(3). List the prime factors of 15/m*-1*12.
2, 5
Suppose o - 6 = 6. Let b = o + -4. What are the prime factors of b?
2
Let i(q) = q**2 + 5*q + 3. Let w be i(-6). List the prime factors of (3/(w/39))/1.
13
Let u(j) = j - 6. Let t be u(9). Let o be 2*1/2 - 1. Let r = o + t. What are the prime factors of r?
3
Let f(c) = 2*c + 2. Let d be f(-2). What are the prime factors of ((-10)/(-5))/(d/(-3))?
3
Let a be -3*3/((-27)/6). Let u = -1 + 2. Suppose a*n - c - 7 = u, 5*n - 5*c = 20. What are the prime factors of n?
2
Let q = 3 - -1. Suppose q*a + h - 12 = 0, -4*h - 36 = -5*a - 0*h. Suppose 0 = -a*t - 5*g + 36, -4*t + 24 - 4 = g. What are the prime factors of t?
2
Let y = 1 - -17. List the prime factors of y.
2, 3
Let t(n) = -3*n - 5 + 4*n - n - 3*n. What are the prime factors of t(-4)?
7
Suppose 5*q = 3*q + 5*a + 175, 5*q - 391 = -3*a. List the prime factors of q.
2, 5
Suppose 3*y = 4*c + 367, -1 - 1 = 2*c. List the prime factors of y.
11
Let a = -3 - -3. Suppose -4*z + 2*f + a + 6 = 0, 0 = -z + f. Let w = z - -9. List the prime factors of w.
2, 3
Suppose -4*u + 50 = 6. Let g be 3*3/(-9)*8. Let k = g + u. List the prime factors of k.
3
Let r(i) = -i**3 + 2*i**2 - i + 96. What are the prime factors of r(0)?
2, 3
Let a = -4 + -3. Let y = 12 + a. What are the prime factors of y?
5
Let c(l) = -l**3 - 4*l**2 + 5*l. What are the prime factors of c(-6)?
2, 3, 7
Suppose 3*y - 6*y = -9. Let f(x) = 4*x - 4. List the prime factors of f(y).
2
Let q be 4/(-18) + 816/27. Suppose 0 = 5*k - 5*t - q, 5*k - 35 + 2 = 4*t. Suppose -4*g = -k + 1. What are the prime factors of g?
2
What are the prime factors of -6*14/(-6) + 0?
2, 7
Let s(z) = -6*z + 6. Let i be (-1 + 3 + -6)/1. Let r(p) = -11*p + 12. Let k(j) = i*r(j) + 7*s(j). List the prime factors of k(6).
2, 3
Suppose 2*w - 5*g - 27 = 0, 2*w - 57 = -4*g + 3*g. List the prime factors of w.
2, 13
Let k be 3 - -1*(-3 + 5). List the prime factors of (-137)/(-5) - (-3)/k.
2, 7
Suppose 124 + 1 = 5*f. Suppose -20 - f = -5*z. List the prime factors of z.
3
Suppose -5*t - 300 = -9*t. What are the prime factors of t?
3, 5
Let l(a) = 6*a**2 - 5*a - 7. What are the prime factors of l(-4)?
109
List the prime factors of 2 + (59 - 0 - -2).
3, 7
Let i be (-2)/(1 + 14/(-10)). Suppose 32 + 23 = i*y. What are the prime factors of y?
11
Let x(s) = 2 - 1 - 6*s - 3. What are the prime factors of x(-5)?
2, 7
Let a(j) = j**3 - 7*j**2 - 7*j + 9. Let k(b) = b**3 + 11*b**2 + 10*b + 8. Let z be k(-10). List the prime factors of a(z).
17
Suppose 5*j + 2*g = 13, -j - 6*g = -2*g + 1. Suppose -23 + 71 = j*z. What are the prime factors of z?
2
Suppose 4*f = -0*f - 32. Let z be (-8)/4 - (-1 + -21). Let b = z + f. What are the prime factors of b?
2, 3
Suppose 3*r - 5*w = 3 - 1, -5*r + 3*w = -14. Suppose 2*g - r*g + 4 = 0. What are the prime factors of g?
2
Suppose -4*n = 26 - 234. Let q = -20 + n. List the prime factors of 8/q + 134/8.
17
Let m = 233 - 350. List the prime factors of m/(-12) + (-6)/8.
3
Let o(g) = g**3 + 7*g**2 + 7*g + 8. Let y be o(-6). Let i be (2 - 0) + y + 0. Suppose -w + 30 = i*w. What are the prime factors of w?
2, 3
Let s(h) = -h**2 + 12*h + 5. List the prime factors of s(9).
2
Suppose 3*j + 37 = 283. What are the prime factors of j?
2, 41
Let k = -10 + 10. Suppose k = -2*m + 6*m - 28. What are the prime factors of m?
7
Let j = -32 + 66. Suppose -3*b - 3*k = -j - 38, -3*k = -6. List the prime factors of b.
2, 11
Let o = 44 - 26. What are the prime factors of o?
2, 3
Suppose -4*m + 31 + 57 = 0. Suppose 2*h + 33 = -h. Let n = m + h. List the prime factors of n.
11
Let h(o) = -7*o**2 + o + 1. Let v be h(-1). Let d = v - -21. What are the prime factors of d?
2, 7
Let j(x) = -x**2 - x + 1. Let q(u) = -4*u**2 - 6*u + 1. Let b(p) = -5*j(p) + q(p). Let c be b(0). What are the prime factors of (4/10)/(c/(-120))?
2, 3
Suppose 4*t + 0*k = -4*k + 80, 0 = 2*t + 3*k - 43. What are the prime factors of t?
17
Let m(j) = -j**2 - 8*j - 6. Let f be m(-5). Suppose 0 = -z + f + 4. Suppose o - 2 = a - z, -4*o = a - 1. What are the prime factors of a?
3
Let a be (-6 - 0)*(-2 + 1). Let c(f) = -f**3 + 7*f**2 - 6*f + 4. Let j be c(a). Suppose j = 2*z - 14. What are the prime factors of z?
3
Suppose 5*m - 5*c = -15, -2*m + 5*c = 12 + 3. List the prime factors of (5 - m)*108/20.
3
Let v(j) = -j**3 - 8*j**2 - 8*j - 1. Let d be v(-7). Suppose -4*k - 34 = -d*k. List the prime facto